{"id":46,"date":"2023-09-25T18:34:54","date_gmt":"2023-09-25T21:34:54","guid":{"rendered":"https:\/\/barkeria.com.br\/2023\/?post_type=product&#038;p=46"},"modified":"2026-01-06T13:07:46","modified_gmt":"2026-01-06T16:07:46","slug":"trio-de-treino-proteina","status":"publish","type":"product","link":"https:\/\/barkeria.com.br\/2023\/?product=trio-de-treino-proteina","title":{"rendered":"Trio de Treino \u2013 Carnes"},"content":{"rendered":"<p><strong>O que \u00e9 <\/strong><br \/>\nCombo com tr\u00eas sabores da linha Petisco Treino\u00ae, todos com prote\u00edna animal, reunidos para facilitar a rotina de quem treina o c\u00e3o com frequ\u00eancia.<\/p>\n<p><strong>Para que \u00e9 usado <\/strong><br \/>\nIndicado para o uso di\u00e1rio durante o treino e passeios, oferecendo variedade de sabores sem precisar escolher produtos individuais.<\/p>\n<p><strong>Como \u00e9 feito <\/strong><br \/>\nOs petiscos s\u00e3o produzidos em pequenos lotes, com ingredientes naturais, sem corantes, aromatizantes ou conservantes artificiais.<\/p>\n<p><strong>O que inclui <\/strong><br \/>\n\u2013 Petisco Treino\u00ae\ufe0f Natural de Frango, Cenoura e Ervas<br \/>\n\u2013 Petisco Treino\u00ae\ufe0f Natural de Lombinho, Ma\u00e7\u00e3 e Mel<br \/>\n\u2013 Petisco Treino\u00ae\ufe0f Natural de Bacon, Chuchu e Espinafre<\/p>\n<p><strong>Prazo de validade <\/strong><br \/>\nCada produto possui prazo de validade pr\u00f3prio, contado a partir da data de fabrica\u00e7\u00e3o:<br \/>\n\u2013 Petisco Treino\u00ae\ufe0f Natural de Bacon, Chuchu e Espinafre: 70 dias<br \/>\n\u2013 Demais sabores: 130 dias<br \/>\nConsulte a data informada na embalagem.<\/p>\n<p><strong>Observa\u00e7\u00e3o <\/strong><br \/>\nPetiscos n\u00e3o substituem a alimenta\u00e7\u00e3o principal.<\/p>\n","protected":false},"excerpt":{"rendered":"<p data-start=\"551\" data-end=\"697\"><strong data-start=\"551\" data-end=\"697\">Combo com tr\u00eas sabores da linha Petisco Treino\u00ae, indicado para c\u00e3es sem restri\u00e7\u00e3o alimentar que utilizam petisco diariamente durante o treino.<\/strong><\/p>\n<p>&nbsp;<\/p>\n","protected":false},"featured_media":482,"template":"","meta":{"site-sidebar-layout":"default","site-content-layout":"","ast-site-content-layout":"default","site-content-style":"default","site-sidebar-style":"default","ast-global-header-display":"","ast-banner-title-visibility":"","ast-main-header-display":"","ast-hfb-above-header-display":"","ast-hfb-below-header-display":"","ast-hfb-mobile-header-display":"","site-post-title":"","ast-breadcrumbs-content":"","ast-featured-img":"","footer-sml-layout":"","ast-disable-related-posts":"","theme-transparent-header-meta":"default","adv-header-id-meta":"","stick-header-meta":"","header-above-stick-meta":"","header-main-stick-meta":"","header-below-stick-meta":"","astra-migrate-meta-layouts":"set","ast-page-background-enabled":"default","ast-page-background-meta":{"desktop":{"background-color":"var(--ast-global-color-4)","background-image":"","background-repeat":"repeat","background-position":"center center","background-size":"auto","background-attachment":"scroll","background-type":"","background-media":"","overlay-type":"","overlay-color":"","overlay-opacity":"","overlay-gradient":""},"tablet":{"background-color":"","background-image":"","background-repeat":"repeat","background-position":"center center","background-size":"auto","background-attachment":"scroll","background-type":"","background-media":"","overlay-type":"","overlay-color":"","overlay-opacity":"","overlay-gradient":""},"mobile":{"background-color":"","background-image":"","background-repeat":"repeat","background-position":"center center","background-size":"auto","background-attachment":"scroll","background-type":"","background-media":"","overlay-type":"","overlay-color":"","overlay-opacity":"","overlay-gradient":""}},"ast-content-background-meta":{"desktop":{"background-color":"var(--ast-global-color-5)","background-image":"","background-repeat":"repeat","background-position":"center center","background-size":"auto","background-attachment":"scroll","background-type":"","background-media":"","overlay-type":"","overlay-color":"","overlay-opacity":"","overlay-gradient":""},"tablet":{"background-color":"var(--ast-global-color-5)","background-image":"","background-repeat":"repeat","background-position":"center center","background-size":"auto","background-attachment":"scroll","background-type":"","background-media":"","overlay-type":"","overlay-color":"","overlay-opacity":"","overlay-gradient":""},"mobile":{"background-color":"var(--ast-global-color-5)","background-image":"","background-repeat":"repeat","background-position":"center center","background-size":"auto","background-attachment":"scroll","background-type":"","background-media":"","overlay-type":"","overlay-color":"","overlay-opacity":"","overlay-gradient":""}}},"product_brand":[],"product_cat":[34,30],"product_tag":[17,31,65,20,32,64],"class_list":{"0":"post-46","1":"product","2":"type-product","3":"status-publish","4":"has-post-thumbnail","6":"product_cat-combos","7":"product_cat-linha-treino","8":"product_tag-adestramento","9":"product_tag-agility","10":"product_tag-combo-para-treino-diario","11":"product_tag-enriquecimento-ambiental","12":"product_tag-treino","13":"product_tag-petisco-treino-carnes","14":"product_shipping_class-facil","15":"desktop-align-center","16":"tablet-align-left","17":"mobile-align-left","19":"first","20":"instock","21":"sale","22":"shipping-taxable","23":"purchasable","24":"product-type-simple"},"_links":{"self":[{"href":"https:\/\/barkeria.com.br\/2023\/index.php?rest_route=\/wp\/v2\/product\/46","targetHints":{"allow":["GET"]}}],"collection":[{"href":"https:\/\/barkeria.com.br\/2023\/index.php?rest_route=\/wp\/v2\/product"}],"about":[{"href":"https:\/\/barkeria.com.br\/2023\/index.php?rest_route=\/wp\/v2\/types\/product"}],"wp:featuredmedia":[{"embeddable":true,"href":"https:\/\/barkeria.com.br\/2023\/index.php?rest_route=\/wp\/v2\/media\/482"}],"wp:attachment":[{"href":"https:\/\/barkeria.com.br\/2023\/index.php?rest_route=%2Fwp%2Fv2%2Fmedia&parent=46"}],"wp:term":[{"taxonomy":"product_brand","embeddable":true,"href":"https:\/\/barkeria.com.br\/2023\/index.php?rest_route=%2Fwp%2Fv2%2Fproduct_brand&post=46"},{"taxonomy":"product_cat","embeddable":true,"href":"https:\/\/barkeria.com.br\/2023\/index.php?rest_route=%2Fwp%2Fv2%2Fproduct_cat&post=46"},{"taxonomy":"product_tag","embeddable":true,"href":"https:\/\/barkeria.com.br\/2023\/index.php?rest_route=%2Fwp%2Fv2%2Fproduct_tag&post=46"}],"curies":[{"name":"wp","href":"https:\/\/api.w.org\/{rel}","templated":true}]}}